 Suppose 27*x - 30*x = n. Is 2/(x/38045*(-14)/4) a composite number?
False
Let x = -135576 + 94273. Let l = x + 71748. Is l a prime number?
False
Let w(t) = 21 + t**2 - t - 6 - 8 - 3. Let a be w(0). Let u(q) = 16*q**2 + 9. Is u(a) composite?
True
Let n = 721309 + 815196. Is n a prime number?
False
Let l(i) = i**3 + 22*i**2 + 14*i + 13. Let k = -24 - -94. Suppose -3*v = 5*c + k, c - 104 = 5*v + 3*c. Is l(v) prime?
False
Suppose 24*i - 37306 - 503129 = 3*i. Is i a composite number?
True
Let d(p) = -p**2 - 22*p - 7. Let q be d(-9). Let j = q - 89. Suppose -263 = -5*k + v, 5*k - j = 3*v + 238. Is k composite?
False
Let d = -279 + 284. Let m(f) = 1925*f - 167. Is m(d) a composite number?
True
Suppose 5*b + 17 = 82. Suppose b*l = -25*l + 541538. Is l a prime number?
True
Let r = -94 + 195. Suppose -5*l - 3*h + 104 = 0, -5*l = 3*h - h - r. Is l a prime number?
True
Let h(t) = -3*t - 35. Let g = -62 - -53. Let s be h(g). Is (24/4)/(s/(-148)) composite?
True
Is (-15)/135 + (-20669552)/(-72) composite?
True
Suppose 2*m + 76 - 78 = 0. Let k(u) = -112*u**3 - 13 + 14 + 764*u**3. Is k(m) a composite number?
False
Let b(k) = -4*k - 36. Let n be b(-9). Let s(u) = -u**3 - u**2 - 2*u + 471. Let f be s(n). Is (f/(-6))/((-5)/10) + 0 a composite number?
False
Suppose -14012 = 3*n + 5*z, 4*z = z + 15. Let d = 7288 + n. Is d composite?
False
Let i(l) = l**2 + 20*l - 40. Let b be i(-22). Let v(g) = 4*g**3 - g**2 - 12*g + 10. Is v(b) a composite number?
True
Suppose 28132 + 51402 = 2*m - 4*v, 5*m - 198877 = -4*v. Suppose -23*x + m = 8*x. Is x a composite number?
False
Let q be ((-6)/(-5))/((-111)/30 + 4). Suppose 6481 = 2*h + 6*c - 3*c, -3*h + 9721 = q*c. Is h composite?
True
Suppose -3*y - 6 - 12 = 0. Let z be -4 + 1 - (-3 - y). Is (963/6 - 3) + 3/z a composite number?
False
Let c = 4311 + -2222. Let h = c + -975. Let j = h - 571. Is j prime?
False
Let b(c) be the second derivative of 20*c**4/3 - 7*c**3/6 - 17*c**2/2 - 135*c. Is b(-5) a composite number?
True
Let r be 197630/35 + (-9)/(-21). Let l = r - -811. Is l a prime number?
False
Let p(m) = 11284*m**2 + m - 12. Is p(1) a prime number?
True
Suppose -3595 = -11*l + 299. Let i be (-2)/6 + (-26)/(-6). Suppose i*f - l = -2*f. Is f composite?
False
Suppose -8*l = 16*l - 32*l + 1851032. Is l prime?
True
Let r = -2560 + 1493. Let w = 1608 + r. Is w prime?
True
Let z(y) = -y**3 - 19*y**2 + 19*y - 15. Let t be z(-20). Suppose t*b + 4 - 9 = 0. Is (-4 - -6)/b - -1559 a composite number?
True
Suppose 11*l = 3 + 30. Suppose -1 = -3*r + 3*j + 365, 0 = -5*r - l*j + 650. Is r a composite number?
False
Suppose 23*n - 101295 = -43726. Is n a composite number?
False
Let v(l) be the third derivative of l**5/60 - l**4/24 + 830*l**3/3 + 23*l**2. Let r be v(0). Let c = -1143 + r. Is c prime?
False
Let x be 1 + 2/(-1)*(-2)/(-4). Suppose 4*w - 7*w + 5541 = x. Is w prime?
True
Suppose -3*i + m + 4*m - 6 = 0, i - 6 = -m. Suppose 5*t - 22741 = i*b, t + 5*b = 8*b + 4553. Is t composite?
False
Is (2/(-6))/((-7024977250)/585414750 + 12/1) prime?
True
Let m be (1 - 0) + (-12)/(-4). Suppose -4*u + 7*j - 3*j - 4 = 0, m*u = 2*j + 4. Suppose u*i - 2014 = 5*r, -i + 4*r = 2*i - 2015. Is i prime?
True
Suppose 4*r - 2*b - 349896 = 0, 2*r - 7*b = -8*b + 174944. Is r a prime number?
True
Let w(z) = -z**3 + 5*z**2 + 7*z + 9. Let h(s) = -s**3 + 4*s**2 + 7*s + 8. Let n(m) = 4*h(m) - 3*w(m). Let o be n(4). Is ((-9)/3)/(o/1735) composite?
False
Let i(o) = 9*o**2 + 4*o - 1. Let n be (-99)/21 - -5 - (-397)/7. Let j = -51 + n. Is i(j) prime?
True
Suppose 0 = -d + 3*r + 11, 4*d - 3*r + 0 = 35. Suppose d = 4*a, -3*f + 2*a + 0 = 16. Is (-23)/(-3)*(-3 - f)*6 composite?
True
Suppose -2*s - c - 11 = -4*s, c = 3*s - 17. Let p be (3582/s)/(3/2). Suppose -o = 3*f - p, f + 2*o = -2*f + 397. Is f a prime number?
False
Let c(j) = 5*j**2 + 135*j + 1251493. Is c(0) composite?
True
Let h(s) be the first derivative of 8*s**3/3 + 11*s**2 - 41*s + 67. Is h(19) a prime number?
False
Let o be (-13 + 13)/(1 + (-3)/1). Suppose 3*v + 2*m + 4157 = o, 4*v + 0*v + 5550 = m. Let l = v + 2510. Is l prime?
True
Is ((-353244)/9)/(136/(-12) - -10) composite?
False
Let w(m) = -13*m + 74. Let z be w(5). Suppose z*x - 21873 = -2424. Is x a composite number?
False
Suppose 1553 + 177 = 3*g - 5*a, -4*g = -4*a - 2312. Let b = g - 294. Let d = 657 - b. Is d a composite number?
True
Suppose -4*t - 18 - 15 = -5*h, 3*t = -4*h - 48. Let m be t/(-9)*(-2 - 4)*184. Let d = -333 - m. Is d prime?
False
Let l = -31458 - -110881. Is l a composite number?
False
Is (-213146)/68*(0 - 38) composite?
True
Let a(p) = 12*p**2 - 7*p + 7. Let h be a(7). Let u = -99 + 334. Let b = h - u. Is b a composite number?
False
Suppose 0 = -15*h - 273817 - 593. Let y = -8209 - h. Is y prime?
False
Suppose 5*m - f - 4*f + 335 = 0, 2*m + 3*f = -119. Let k = m - -67. Suppose -y = 3*y + k*w - 13430, w = -5*y + 16793. Is y composite?
False
Suppose -4*s + 42 = 10. Suppose -7*d - 2371 = -s*d. Is d a composite number?
False
Let g(r) = -472*r - 21. Let n be g(-6). Suppose 4*s + 5*a - 2587 = 0, 2*a - n = -4*s - 209. Is s a prime number?
True
Let b(y) = -54072*y - 1531. Is b(-11) prime?
True
Suppose 65*y - 76*y + 463441 = 0. Is y composite?
False
Suppose -30 + 58 = 7*m. Suppose 53*q = 48*q + 6930. Suppose 0 = -2*r - 3*k + 675, k = m*r - q + 29. Is r a composite number?
True
Let g be (-5)/(-1) + -2 - (-18)/6. Suppose -9*t - g*t = -115845. Is t prime?
True
Let z = -216 + 208. Is 0 + z/(-68) + (-34521)/(-51) a prime number?
True
Let d = -8 + 323. Suppose -b + d = -94. Is b composite?
False
Suppose -48*f = -55*f - 12649. Let k = f - -2677. Suppose -k - 1270 = -10*m. Is m composite?
True
Let i = 704786 + -440601. Is i a prime number?
False
Is 8/(7 + 1)*2*2053/2 a composite number?
False
Suppose -j + 21 = 2*g + 4, 0 = 2*g - j - 7. Suppose b + 58559 = -z, 0 = 3*b - g - 6. Is 14/49 + z/(-21) a composite number?
False
Is ((-7 + 3)/28)/((-9)/36046143) prime?
True
Suppose 0 = 4*k + 5*o - 5, 26*k + 4 = 31*k + 4*o. Let m(z) = 2*z**3 - 5*z + 3649. Is m(k) a prime number?
False
Suppose -5*s = -5*b + 2181270, s = 3*b + 5*s - 1308755. Is b composite?
False
Let m be -3 + 11/(33/18). Suppose -3036 = m*s - 11193. Is s composite?
False
Let y = -4907 + 7209. Is y a composite number?
True
Suppose -p + 11727 = -6294. Suppose -349*v + p = -346*v. Is v a prime number?
True
Let m be 6/12 - (-4)/(-8). Let u be (-8188)/(-5) - (-10)/25. Suppose -p = -4*b + u, -b + m*p + 413 = -2*p. Is b a composite number?
False
Let w(q) = q**3 - 6*q**2 - 7*q + 5. Let y be w(7). Let a(b) = -b**3 + 11*b**2 + 10*b + 26. Let k be a(12). Suppose -y*j - k*j = -4291. Is j a prime number?
True
Is (-780)/(-30) - 23 - 62456*-1 composite?
False
Let t = 49 - 49. Let f be 0/(t + -2 + 4). Suppose 431 = p - z, -5*p + 0*z + 2*z + 2155 = f. Is p composite?
False
Suppose 31*g + 23*g = -64*g + 69903554. Is g a composite number?
True
Suppose -2*x = -3*z - 38, -26 = -x + 4*z - 2. Suppose 4*t - x = 0, -2*j + 10 = j + t. Suppose -j*u + 292 = -210. Is u composite?
False
Let w = 1335 + -783. Suppose w + 1856 = 2*q. Suppose v + 155 - q = 0. Is v a prime number?
True
Let i = 7733 - -8549. Suppose 3*r = 17*r - i. Is r composite?
False
Let o(p) = 542314*p + 5807. Is o(3) composite?
False
Let f = 3549 - 1502. Suppose -4*d = -693 - f. Is d composite?
True
Suppose c + k = 33, -2*k - 2 + 6 = 0. Suppose -15*m - 1312 = -c*m. Is m a prime number?
False
Let j(a) = -2*a**3 - 9*a**2 + 4*a - 1. Let v be j(-5). Suppose v*u = 2*x + 5797 - 18121, 2*u - 18470 = -3*x. Suppose x - 977 = 3*k. Is k composite?
True
Suppose 0 = 3*d + 7*r - 1014166, -26*d + 338052 = -25*d - r. Is d a composite number?
True
Is 127053 - 23 - (1 + -2) a composite number?
False
Let x(d) = -2146*d - 3117. Is x(-41) a prime number?
True
Suppose -2*a - 1198618 = -4*c, 8*c + 3*a = 7*c + 299644. Is c a prime number?
True
Suppose -3*t - 7*t = 23*t - 2541099. Is t a prime number?
True
Let p = 15468 + 14909. Suppose p + 11493 = 4*w - 2*v, -2*w - 2*v + 20920 = 0. Is w/28 + 3/(-4) composite?
False
Let g = 183349 + -1176. Is g prime?
False
Suppose 8*n = -100726 + 6182. Let h = n + 18339. Is h a composite number?
False
Let v = -17862 - -46373. Is v prime?
False
Let u be (-91)/(-2) - 5 - 6/4. Let m = u + -34. Suppose 4*d + o - 4233 + 687 = 0, 0 = -m*d - o + 4433. 